 - 3*w + 5*b. What is the highest common factor of 21 and w?
21
Let f(w) = -w**2 + 14*w - 9. Let g be f(11). Calculate the highest common divisor of 96 and g.
24
Suppose -5*o = -3*m - 287, 2*o - 2*m - 113 = m. Let f = o + -34. Calculate the greatest common factor of 6 and f.
6
Let g(i) = i**3 + i**2 + 4. Let x be g(0). Suppose x*z = -5*t, 2*z = -t + 3 + 3. Let q be 218/3 + t/6. What is the greatest common factor of q and 18?
18
Let s = -20 + 19. Let o = s - -7. Calculate the greatest common factor of 30 and o.
6
Let h(d) = -4*d**3 - 4*d**2 - d - 3. Let g be h(-3). What is the highest common divisor of 8 and g?
8
Suppose 3*k - 50 = -j, -k + 2*j = 2*k - 35. Suppose 0 = 4*z + 3*l - 129, 5*z - 123 = 5*l + 12. Calculate the highest common factor of k and z.
15
Suppose 1403 = 3*g - 4*q, 3*g - 4*q = -2*g + 2349. What is the highest common divisor of g and 43?
43
Suppose n = 67 - 7. Let v be (-3 + 1)/((-2)/n). What is the highest common divisor of 40 and v?
20
Suppose 1 = 4*q - 7. Let d = q + 10. Let a be 4/10 - 836/(-10). What is the highest common divisor of a and d?
12
Let m = 4 + 10. What is the highest common factor of m and 56?
14
Suppose -2*f + 69 = 5*a, 2*a - 54 = -4*f + 2*f. What is the greatest common factor of f and 2?
2
Let i = 14 - 9. Let n(z) = -z**2 + 5*z + 5. Let f be n(i). Suppose 0 = 2*m + 12 - 82. Calculate the highest common factor of m and f.
5
Let u be (-5 - -4)/(2/22). Let c = 21 + u. Suppose 5*n + 36 = 2*h - 134, h + 3*n - 74 = 0. Calculate the greatest common divisor of h and c.
10
Suppose -131 + 395 = 3*d. Let q = -13 + d. What is the greatest common factor of 25 and q?
25
Let d(z) = -4*z - 3 + 3. Let w be d(-3). Let h(i) = -i + 7. Let y be h(-5). Calculate the greatest common factor of w and y.
12
Let q be (-4 + -1)*54/(-10). Let m = 0 + 18. What is the highest common factor of q and m?
9
Suppose 3*x + a = 16, 8 = -a + 3*a. Let b be 58/x - 2/(-4). Calculate the highest common factor of 120 and b.
15
Let w be (-14)/6 + 4/12. Let r be (-4)/(16/6)*w. Suppose 4*f - 4*a - 21 = 23, 4*f - r*a - 42 = 0. Calculate the greatest common factor of f and 45.
9
Let n be (1 - 0 - -14)/3. What is the greatest common factor of 15 and n?
5
Let w(x) = 3*x - 1. Suppose 0 = -2*q - 0*q - 2. Let l be w(q). Let s = 20 - l. Calculate the highest common divisor of s and 6.
6
Suppose 4*t - 54 = 2*m, -2*t + 3*m - 3 = -3*t. Suppose -2*w = 3*z - 292, -3*w = -5*w + 4. Calculate the highest common divisor of z and t.
12
Suppose 0 = 3*v + 23 - 113. Calculate the greatest common divisor of 165 and v.
15
Suppose -d + 352 = -2*d. Let m = 550 + d. Calculate the highest common divisor of m and 18.
18
Suppose -3*d = 2*d - 555. Suppose 5*m = -2*f + 5*f - d, -4*m = -12. Calculate the highest common divisor of f and 6.
6
Let q(d) = -d**2 + 4*d + 2. Let c be q(4). Suppose 2*m + c*m - 76 = 0. Calculate the greatest common factor of m and 76.
19
Suppose 5 = 4*z + 21. Suppose 5*q + 190 = -230. Let u be (z + q)*2/(-4). Calculate the highest common factor of 4 and u.
4
Let p(g) = 3*g - 3. Let q be p(3). Calculate the greatest common divisor of 8 and q.
2
Let a be 1*78/4 - (-3)/6. Calculate the greatest common factor of a and 60.
20
Let w(t) = -t**3 - 6*t**2 - 6*t - 6. Let p be w(-6). Let m(h) = -2*h**3 + 3*h**2 + 3*h + 3. Let d be m(-3). Calculate the greatest common factor of d and p.
15
Let q = 14 + -4. Suppose 0 = p + c, -4*c - q = 2. What is the greatest common factor of 24 and p?
3
Suppose 3*y - 102 = -2*m, -3*m - 2*m - 170 = -5*y. Suppose 0 = -14*i + 9*i + 255. What is the greatest common factor of y and i?
17
Suppose 51 = 3*r + 9. What is the greatest common divisor of r and 14?
14
Suppose -2*y + 0*j = 4*j - 16, -5*j + 20 = -y. Suppose y*l + 12 = l. What is the greatest common divisor of 30 and l?
6
Let b = 8 + -5. What is the highest common factor of b and 3?
3
Let m(b) = -25*b**2 - b - 4. Let x(g) = 24*g**2 + g + 5. Let j(n) = -3*m(n) - 2*x(n). Let r be j(2). Calculate the highest common factor of 14 and r.
14
Let o be (-2)/(-8) + 681/12. Let r(b) be the first derivative of b**3/3 + b**2 + 4*b + 4. Let n be r(3). What is the highest common divisor of o and n?
19
Suppose 12 = s - 4*t, -t - 3*t = -5*s + 28. Suppose -2*z + 0 = 3*v - 3, 4*v - s = 5*z. Calculate the highest common divisor of 1 and v.
1
Let b = 94 - 62. Let d(m) = m**2 - 19*m + 38. Let c be d(17). What is the highest common factor of b and c?
4
Let y(t) = t**3 + 17*t**2 + t + 13. Let c be y(-16). What is the highest common factor of 23 and c?
23
Let n(w) = -3*w - 9 + w - 2*w + 5. Let j be n(-3). Calculate the highest common divisor of j and 12.
4
Suppose 4*u = -4, -r - r + 18 = 2*u. Let b be (14/35)/(2/r). Calculate the highest common divisor of b and 2.
2
Let s = 28 + -19. What is the greatest common factor of 6 and s?
3
Let j = 8 - 0. What is the greatest common divisor of 88 and j?
8
Let x = 17 + -5. What is the greatest common divisor of x and 48?
12
Suppose 6*w = 3*w - 6. Let u(a) = a**2 - 2*a + 1. Let x be u(w). What is the greatest common factor of 72 and x?
9
Let o be 35/7 + 8/(-2). Let q(y) = -4*y + 1. Let f be q(-2). Calculate the greatest common factor of f and o.
1
Suppose -5*h = -u - 16, -2*h = 3*u - h. Let y be 15 + (u - -3 - -1). What is the greatest common divisor of y and 198?
18
Suppose 7 + 5 = 4*f. Suppose 3*m - 189 = -2*h, -149 - 31 = -f*m - 5*h. Calculate the highest common divisor of m and 26.
13
Let g = -5 + -3. Let i be (-7)/(-2) + 12/g. What is the highest common factor of i and 16?
2
Suppose 4*p = -0*p + 8. Let b = p - 0. What is the greatest common factor of 18 and b?
2
Let p(w) = 3*w - 44. Let f be p(18). Calculate the greatest common divisor of 15 and f.
5
Let x be -3 + (-2)/(-4)*-2. Let j be -18*(x/6 + 0). What is the greatest common divisor of j and 60?
12
Let r(b) = -5*b. Let g be r(-4). Let f = g - -15. What is the highest common divisor of 5 and f?
5
Let w(n) = -3*n**2 - 3*n - 6 + 4*n**2 + 5*n. Let m = -8 + 3. Let a be w(m). What is the greatest common factor of 18 and a?
9
Suppose -3*v - 2*x + 171 = x, v + 2*x = 58. Let z be v/5 + 1/(-5). Suppose i + 5*j + 6 + 18 = 0, -3*i = j + 2. Calculate the highest common divisor of i and z.
1
Suppose 2*b - 126 = -2*c + 46, -b = -1. Let l be (8/20)/(1/c). Calculate the highest common divisor of 17 and l.
17
Let g(v) = -v**3 + 2. Let j be g(2). Let d be (-4)/6 - 40/j. Suppose u - d = -0*u. Calculate the greatest common factor of u and 66.
6
Let m be 754/6 + 6/(-9). Let g be ((100/(-15))/(-2))/((-6)/(-45)). What is the greatest common divisor of g and m?
25
Let i = -21 + 27. What is the greatest common divisor of i and 42?
6
Let v be (-2)/4 + 1417/26. What is the highest common divisor of 36 and v?
18
Let w(d) = 4*d + 2. Suppose 2*q - 9*q + 14 = 0. Let z be w(q). Calculate the greatest common divisor of z and 80.
10
Let l be 231/6*(4 - 2). Calculate the highest common factor of l and 11.
11
Let p(d) = d + 6. Let l be p(-12). Let h be 110/6 + 2/l. Calculate the greatest common divisor of h and 90.
18
Let r(h) = h**2 - 10*h + 9. Suppose s = 4*g + g + 16, -26 = -2*s + 4*g. Let b be r(s). What is the greatest common factor of b and 5?
5
Let w(p) be the first derivative of 10*p**4 - p**3/3 + p**2 - p + 2. Let t be w(1). Calculate the highest common factor of 5 and t.
5
Let f be 48/12 + 7 + -3. Let c be (-2*(-1)/(-2))/(-1). What is the greatest common factor of c and f?
1
Let m(y) = -3*y + 5. Let u(p) = -16*p + 24. Let b(d) = -14*m(d) + 3*u(d). Let x be b(-2). What is the highest common factor of x and 35?
7
Suppose 0 = q - 4*q + 54. Suppose 523 = 3*l + 118. Suppose n = -4*n + l. What is the greatest common factor of q and n?
9
Suppose -4*o = -0*o - 48. Let x = 1 + 2. Calculate the highest common factor of x and o.
3
Let l(u) = 2*u**3 - 3*u**2 + 11*u + 3. Let f be l(3). Let o(p) = p**3 - 2*p**2. Let j be o(3). Calculate the highest common factor of j and f.
9
Let p(u) = -u**3 - 6*u**2 - 4*u + 7. Let r be p(-5). Let v be r/(-8) - 85/(-20). Suppose 3*l - 40 = -l. What is the greatest common divisor of v and l?
2
Suppose 0 = -2*u + 5*m + 17, u + 2*m - 18 = -5. Suppose 3*i = 152 + 13. Suppose i = c + 4*c. What is the highest common factor of c and u?
11
Let q = 1 - -1. Suppose -8 = -6*k + q*k. Let u be 20/(-3)*(-3)/k. What is the greates